11000111101
What is 61531 (base 8) in base 13?
b765
-30433050 (base 6) to base 14
-18b0a2
-679639 (base 11) to base 14
-20220c
What is 112002102011020 (base 3) in base 5?
3404101143
15413255 (base 6) to base 14
103187
What is -3152254 (base 6) in base 14?
-40586
What is 1001110100101100000 (base 2) in base 6?
10522120
What is 796075 (base 11) in base 10?
1267194
What is 10000101100010110101 (base 2) in base 11?
343a70
Convert 412710 (base 8) to base 4.
201113020
-53152205 (base 6) to base 2
-101111011011111101101
94466 (base 12) to base 15
3c810
Convert 142231013 (base 5) to base 3.
1101201200221
1112210210012 (base 3) to base 9
1483705
What is 2572145 (base 8) in base 15?
e2aba
Convert -4ee446 (base 15) to base 14.
-70ab74
Convert -11a55 (base 16) to base 5.
-4303102
What is -9368cb (base 13) in base 10?
-3442021
1050110 (base 7) to base 8
375256
What is -1000000110010110 (base 2) in base 9?
-50450
What is -2161336 (base 7) in base 11?
-172693
-1d4d73 (base 15) to base 4
-11132012301
What is 53030435 (base 6) in base 7?
16056410
Convert -11100000000101000000 (base 2) to base 11.
-577636
-1100001111010100100 (base 2) to base 11
-254360
What is -1000101011011010111 (base 2) in base 13?
-9c590
What is 1a987b (base 14) in base 16?
e7885
Convert -24ac18 (base 15) to base 9.
-3268125
Convert -11152 (base 6) to base 11.
-1207
-15673026 (base 9) to base 2
-11101111010101100101110
-10110101001001101110100 (base 2) to base 3
-102011120122102
What is 10023044 (base 5) in base 12?
3a1ba
106061 (base 10) to base 7
621134
What is -115241014 (base 7) in base 12?
-2502401
5532025 (base 6) to base 3
112001021122
What is -21576066 (base 8) in base 15?
-61d5e1
Convert 3211214431 (base 5) to base 14.
c76d3c
-200202122221 (base 3) to base 16
-5a2ce
What is 5111314 (base 6) in base 14?
6462a
Convert -1421440 (base 5) to base 4.
-13032310
What is 59c30b (base 13) in base 7?
24123136
Convert -b627 (base 12) to base 13.
-90a0
1441634 (base 7) to base 4
233221013
-2833103 (base 9) to base 12
-631210
1128d (base 16) to base 9
116364
Convert 94b7e5 (base 16) to base 4.
211023133211
Convert -2024001142 (base 5) to base 15.
-567417
Convert 2061457 (base 10) to base 7.
23344036
11845 (base 11) to base 6
210353
Convert -45215632 (base 7) to base 11.
-2238559
-5617525 (base 9) to base 5
-1233223331
100001110010010110 (base 2) to base 13
4acb5
-45111612 (base 7) to base 12
-1382313
What is 26b38 (base 16) in base 13?
571cb
-221325202 (base 6) to base 14
-75d186
55036431 (base 7) to base 4
101333032233
What is -2850721 (base 9) in base 2?
-101111110111110011001
Convert cfa3 (base 16) to base 14.
1552b
-25033005 (base 6) to base 15
-10b548
Convert 101000110011001011101 (base 2) to base 4.
11012121131
2785a (base 13) to base 10
73928
What is 12003311 (base 4) in base 6?
310525
What is -4ca59a (base 16) in base 9?
-10405385
What is 58947 (base 10) in base 9?
88766
What is -fb6c (base 16) in base 4?
-33231230
Convert -1532aa (base 11) to base 12.
-b6103
What is 12122010110 (base 3) in base 12?
54219
What is 19f69 (base 16) in base 11?
72998
Convert 10422020 (base 5) to base 8.
263747
What is 313232311 (base 4) in base 10?
228277
-1331112110 (base 4) to base 8
-1752624
Convert -31201211 (base 6) to base 2.
-11011100010010100111
Convert 27071 (base 13) to base 9.
120518
Convert 31049 (base 13) to base 4.
111132011
What is 207166 (base 9) in base 13?
441ab
Convert -423a6 (base 13) to base 5.
-12304111
Convert 12212110222 (base 3) to base 4.
130031030
-861040 (base 14) to base 16
-453650
Convert 13210011203 (base 4) to base 7.
22565546
What is -132108 (base 9) in base 3?
-11002010022
What is -2208199 (base 13) in base 6?
-1011113151
What is 117100 (base 16) in base 14?
21a7ba
-15204212 (base 6) to base 8
-2012460
Convert -1facbc (base 16) to base 9.
-3813454
What is -44c57 (base 14) in base 2?
-101000110010011101
-1b1a7 (base 14) to base 8
-206517
What is 912b4 (base 16) in base 8?
2211264
-212112102211112 (base 3) to base 13
-278bbb6
123033330332 (base 4) to base 10
7143230
Convert -134303421 (base 6) to base 2.
-1010011010100011000101
473355 (base 8) to base 14
42c0d
What is 63328 (base 15) in base 16?
4ccdc
-31220210 (base 4) to base 6
-1110312
Convert -660042 (base 7) to base 4.
-130021032
-1503313042 (base 6) to base 13
-3b28a04
3a65a6a (base 11) to base 2
11010110010000110110100
What is 4364400 (base 7) in base 14?
dd9a7
4b1e79 (base 16) to base 14
92214d
-236b9 (base 13) to base 12
-31667
What is 1bc62 (base 14) in base 9?
117401
-113500000 (base 7) to base 8
-32631256
1430144 (base 6) to base 7
460141
What is 24bd92 (base 16) in base 3?
11112022220202
What is 500811 (base 9) in base 2?
1001000001111011111
-110010001110110011001011 (base 2) to base 9
-26688760
What is -200540 (base 9) in base 11?
-81073
Convert 134223345 (base 6) to base 16.
299471
Convert -10111111011001 (base 3) to base 8.
-7060314
What is 12342300 (base 5) in base 3?
20011202210
What is -3243454 (base 7) in base 9?
-665147
Convert -10020112010120 (base 3) to base 4.
-12210211203
What is -55444413 (base 7) in base 6?
-250313510
-110001110011110011 (base 2) to base 4
-301303303
Convert -12421102 (base 6) to base 3.
-202200120102
What is 36f15 (base 16) in base 14?
5c029
2c0acd (base 16) to base 4
23000223031
Convert 6137835 (base 9) to base 12.
111a235
100222001210 (base 3) to base 8
577065
190650 (base 14) to base 6
30544210
2715648 (base 10) to base 6
134112240
Convert -d42a (base 16) to base 10.
-54314
Convert -1033223 (base 4) to base 13.
-2423
Convert 16c7b1 (base 13) to base 12.
236092
What is 314416 (base 8) in base 2?
11001100100001110
What is -11521443 (base 7) in base 13?
-2a112b
Convert -111001001010100001100 (base 2) to base 12.
-764010
1130301011 (base 4) to base 14
9c68d
Convert 83573 (base 13) to base 16.
399f2
-2105053 (base 7) to base 2
-111101111110100010
What is 2213111330 (base 4) in base 2?
10100111010101111100
Convert -2367a (base 15) to base 9.
-181707
Convert -214020 (base 8) to base 16.
-11810
Convert -697181 (base 10) to base 12.
-297565
Convert -112792 (base 12) to base 6.
-5513102
What is 382288 (base 9) in base 5?
24400320
222120111 (base 3) to base 12
b264
What is -37777 (base 15) in base 14?
-48803
Convert 3158ca (base 14) to base 8.
6270432
What is -1562105 (base 7) in base 16?
-34efe
1400234421 (base 5) to base 15
4993c6
Convert -485077 (base 9) to base 7.
-2325322
2123310001 (base 4) to base 12
269401
Convert -43113114 (base 5) to base 15.
-72aa9
-54010151 (base 6) to base 8
-6034723
Convert -77244 (base 13) to base 9.
-357786
Convert -10470929 (base 10) to base 12.
-360b695
What is -1017784 (base 9) in base 12?
-222804
102012102201222 (base 3) to base 6
331331212
What is 602412 (base 7) in base 4?
120311211
Convert 10376c (base 13) to base 10.
379157
1332013201 (base 4) to base 10
516577
Convert 14212225 (base 7) to base 2.
101000100111100001101
-1604454 (base 7) to base 16
-35bc2
-21300661 (base 7) to base 13
-4b7474
Convert -1110422444 (base 5) to base 7.
-26464016
Convert -23011103222 (base 4) to base 15.
-3c5c82
What is 23459 (base 15) in base 3?
12201010110
What is 2306810 (base 9) in base 2?
100101111111110000100
What is 43b4a9 (base 14) in base 13?
625a82
What is -1001000111001111000 (base 2) in base 12?
-124988
Convert 117ad6a (base 14) to base 4.
133322210102
Convert 101101101100100111 (base 2) to base 16.
2db27
1256240 (base 10) to base 16
132b30
Convert 1202213213 (base 4) to base 8.
1424747
What is 655087 (base 9) in base 3?
201212002221
Convert -3bcd (base 15) to base 16.
-31f9
-5051367 (base 9) to base 13
-732b44
Convert 794a (base 12) to base 9.
20404
Convert -35947 (base 13) to base 10.
-98248
What is -31230302212 (base 4) in base 8?
-15546246
What is -1e3ef0 (base 16) in base 5?
-1001412232
Convert -20323300300 (base 4) to base 15.
-313d91
What is -95a5 (base 15) in base 12?
-1639b
What is 19e7 (base 15) in base 7?
22243
-5c420b (base 14) to base 4
-30003312103
1269b75 (base 13) to base 5
2433344424
What is -54b23 (base 13) in base 15?
-30721
Convert -2120222000210 (base 3) to base 11.
-860701
Convert 111a (base 12) to base 8.
3546
Convert 325640 (base 7) to base 15.
11e75
What is 3300222 (base 5) in base 12?
28708
Convert -32513502 (base 6) to base 7.
-